t common factor of 24 and 8592.
24
What is the greatest common factor of 20 and 7780?
20
Calculate the greatest common factor of 37 and 16391.
37
Calculate the greatest common factor of 12 and 372.
12
What is the highest common divisor of 33 and 814?
11
Calculate the highest common divisor of 14 and 2051.
7
What is the highest common factor of 260 and 988?
52
What is the greatest common divisor of 28 and 448?
28
Calculate the greatest common factor of 98 and 15722.
14
Calculate the greatest common divisor of 22987 and 127.
127
What is the highest common factor of 923 and 568?
71
What is the greatest common factor of 697 and 187?
17
What is the greatest common factor of 924 and 196?
28
What is the greatest common factor of 208 and 49504?
208
Calculate the highest common factor of 410 and 20.
10
What is the greatest common divisor of 27 and 711?
9
Calculate the highest common divisor of 7 and 112.
7
Calculate the greatest common divisor of 713 and 124.
31
Calculate the highest common factor of 204 and 12.
12
What is the highest common factor of 3570 and 425?
85
What is the greatest common factor of 475 and 16?
1
Calculate the greatest common factor of 225 and 4425.
75
Calculate the greatest common factor of 360 and 44100.
180
Calculate the greatest common divisor of 102 and 66.
6
What is the greatest common divisor of 300 and 90?
30
Calculate the greatest common factor of 629 and 51.
17
Calculate the highest common factor of 6468 and 84.
84
Calculate the greatest common divisor of 129 and 473.
43
Calculate the highest common factor of 5239 and 507.
169
Calculate the greatest common factor of 3 and 13.
1
What is the greatest common factor of 76 and 380?
76
What is the highest common factor of 7648 and 64?
32
Calculate the highest common factor of 1275 and 200.
25
What is the greatest common divisor of 60 and 11910?
30
Calculate the greatest common divisor of 405 and 90.
45
Calculate the greatest common divisor of 34 and 11628.
34
What is the highest common divisor of 891 and 132?
33
Calculate the highest common factor of 272 and 72.
8
What is the highest common factor of 10 and 290?
10
Calculate the greatest common divisor of 24 and 1272.
24
Calculate the greatest common factor of 325 and 25.
25
Calculate the greatest common divisor of 28 and 476.
28
Calculate the highest common divisor of 1125 and 9.
9
What is the greatest common factor of 3094 and 68?
34
Calculate the greatest common divisor of 420 and 108.
12
Calculate the greatest common factor of 266 and 26.
2
What is the greatest common factor of 12121 and 92?
23
Calculate the greatest common factor of 645 and 15.
15
Calculate the greatest common factor of 690 and 30.
30
What is the highest common factor of 754 and 26?
26
What is the greatest common factor of 66 and 231?
33
Calculate the highest common divisor of 58 and 33.
1
Calculate the highest common factor of 4 and 678.
2
What is the highest common factor of 671 and 2257?
61
Calculate the greatest common factor of 192 and 12.
12
What is the greatest common divisor of 28 and 12?
4
Calculate the highest common divisor of 38 and 1406.
38
What is the highest common divisor of 2 and 202?
2
Calculate the greatest common divisor of 2 and 3.
1
Calculate the highest common factor of 18 and 4041.
9
What is the greatest common factor of 2863 and 7?
7
Calculate the greatest common divisor of 3757 and 26.
13
What is the highest common divisor of 32 and 800?
32
What is the greatest common divisor of 20 and 152?
4
What is the greatest common divisor of 3470 and 1?
1
What is the greatest common divisor of 28 and 7?
7
Calculate the highest common divisor of 68374 and 17.
17
What is the highest common factor of 1040 and 6032?
208
What is the highest common divisor of 3440 and 60?
20
Calculate the highest common factor of 10 and 8.
2
What is the greatest common factor of 31 and 31?
31
What is the highest common divisor of 58 and 11252?
58
Calculate the highest common factor of 98 and 147.
49
What is the greatest common divisor of 175 and 2205?
35
Calculate the greatest common factor of 15 and 82245.
15
What is the highest common factor of 1221 and 888?
111
Calculate the greatest common factor of 55 and 40920.
55
Calculate the highest common factor of 51 and 6171.
51
What is the highest common factor of 59 and 43837?
59
Calculate the greatest common divisor of 500 and 2125.
125
Calculate the highest common divisor of 1441 and 22.
11
Calculate the greatest common factor of 47825 and 25.
25
What is the greatest common divisor of 129 and 9?
3
Calculate the greatest common divisor of 188 and 8.
4
What is the highest common factor of 24 and 632?
8
Calculate the highest common factor of 63 and 12537.
63
Calculate the highest common factor of 210 and 84.
42
What is the greatest common divisor of 16 and 20?
4
What is the greatest common factor of 7524 and 114?
114
Calculate the greatest common factor of 591 and 24.
3
Calculate the greatest common divisor of 352 and 64.
32
Calculate the highest common factor of 208 and 3029.
13
Calculate the greatest common divisor of 2009 and 123.
41
Calculate the greatest common divisor of 1600 and 10.
10
What is the highest common divisor of 3975 and 375?
75
Calculate the highest common divisor of 91 and 299.
13
Calculate the highest common factor of 210 and 12096.
42
Calculate the highest common factor of 54 and 20.
2
Calculate the highest common factor of 19 and 5833.
19
Calculate the greatest common divisor of 736 and 115.
23
What is the greatest common divisor of 6517 and 19?
19
Calculate the highest common divisor of 13760 and 215.
215
Calculate the greatest common factor of 2296 and 48.
8
Calculate the highest common divisor of 16256 and 128.
128
What is the greatest common factor of 16 and 120?
8
What is the highest common factor of 22 and 1672?
22
What is the greatest common divisor of 261 and 9?
9
Calculate the greatest common factor of 160 and 2360.
40
Calculate the highest common factor of 2925 and 135.
45
Calculate the greatest common factor of 43 and 43.
43
Calculate the greatest common divisor of 25713 and 9.
9
What is the greatest common factor of 20 and 685?
5
Calculate the greatest common factor of 623 and 979.
89
What is the greatest common divisor of 6 and 93?
3
Calculate the greatest common factor of 1696 and 689.
53
What is the greatest common divisor of 9 and 711?
9
What is the greatest common divisor of 252 and 924?
84
Calculate the greatest common factor of 150 and 12630.
30
What is the greatest common divisor of 782 and 621?
23
What is the greatest common factor of 466 and 3961?
233
Calculate the highest common factor of 1632 and 2244.
204
What is the greatest common divisor of 6182 and 55?
11
Calculate the greatest common factor of 15 and 66.
3
What is the highest common factor of 560 and 168?
56
Calculate the highest common divisor of 228 and 1197.
57
What is the greatest common factor of 522 and 464?
58
What is the greatest common factor of 62 and 3782?
62
What is the highest common factor of 22 and 55?
11
What is the greatest common factor of 171 and 152?
19
Calculate the greatest common divisor of 85 and 1751.
17
Calculate the highest common divisor of 25 and 480.
5
What is the greatest common divisor of 72 and 6792?
24
Calculate the greatest common divisor of 4948 and 16.
4
Calculate the greatest common divisor of 7 and 172.
1
What is the highest common divisor of 430 and 1376?
86
What is the highest common divisor of 195 and 240?
15
What is the greatest common factor of 11663 and 109?
109
Calculate the greatest common divisor of 7 and 4.
1
What is the highest common factor of 1015 and 145?
145
What is the highest common factor of 308 and 451?
11
What is the greatest common factor of 7947 and 18?
9
Calculate the greatest common factor of 13 and 13.
13
Calculate the highest common divisor of 1032 and 3225.
129
Calculate the greatest common divisor of 54 and 96.
6
Calculate the highest common factor of 5287 and 68.
17
What is the highest common divisor of 4920 and 520?
40
Calculate the greatest common divisor of 415 and 20.
5
What is the greatest common factor of 965 and 2123?
193
Calculate the highest common factor of 47248 and 16.
16
What is the highest common factor of 82 and 4018?
82
Calcul